{"id":532,"date":"2014-03-20T16:12:33","date_gmt":"2014-03-20T14:12:33","guid":{"rendered":"http:\/\/www.jftweb.de\/?page_id=532"},"modified":"2015-01-01T20:55:24","modified_gmt":"2015-01-01T18:55:24","slug":"ausstellung","status":"publish","type":"page","link":"http:\/\/walter-erpf.de\/?page_id=532","title":{"rendered":"Die Ausstellung(en)"},"content":{"rendered":"<p>&nbsp;<\/p>\n<p>Das Ausstellungskonzept sch\u00f6pft aus einem Fundus von \u00fcber 2500 grafisch gestalteter \u2192<a title=\"Noten\" href=\"http:\/\/walter-erpf.de\/?page_id=156\"><strong>Notenausgaben<\/strong><\/a>, von denen gut 400 Exemplare &#8222;ausstellenswert&#8220; sind &#8211; sei es von der bildnerischen Qualit\u00e4t, vom informellen Hintergrund oder etwa vom &#8222;Immer-noch&#8220;-Bekanntheitsgrad.<\/p>\n<p>Dazu kommen ungez\u00e4hlte weitere Dokumente zur Unterhaltungskultur der 20er\/30er Jahren sowie zahlreiche Objekte wie Grammophone, Schellackplatten, Kleider, Modeaccesoires u.v.a.m.<\/p>\n<p>Der thematische Schwerpunkt ist variabel. Im Fokus steht an erster Stelle der Schlager der 20er\/30er Jahre mit den m\u00f6glichen Untertheme, wie etwa<\/p>\n<p><strong><em>Mode<\/em><\/strong><\/p>\n<p><strong><em>Der galante Herr<\/em><\/strong><\/p>\n<p><em><strong>Quatschschlager <\/strong><\/em><\/p>\n<p><em><strong>Sehnsucht nach der Ferne <\/strong><\/em><\/p>\n<p><em><strong>Importe aus dem Ausland <\/strong><\/em><\/p>\n<p><em><strong>Tonfilm<\/strong><\/em><\/p>\n<p>etc.<\/p>\n<p>Die Ausstellungen im Rathaus Planegg oder in der Seniorenresidenz Augustinum-Nord M\u00fcnchen hatten dies zum Thema.<\/p>\n<p>&nbsp;<\/p>\n<p><strong>Mein gr\u00f6\u00dftes Anliegen liegt jedoch an der Dokumentation von Leben und Werk j\u00fcdischer Komponisten, Texter und Interpreten, die von den Nazis verfolgt oder gar ermordet wurden. Zus\u00e4tzlich zu den Notenbl\u00e4tter stehen hierzu einzigartige originale Dokumente (siehe \u2192\u00a0<a title=\"2011 AusstellungimBosco Gauting\" href=\"http:\/\/walter-erpf.de\/?page_id=168\">Bosco<\/a>) aus meinem umfangreichen Archiv zur Verf\u00fcgung.<\/strong><\/p>\n<p><strong>Die Ausstellung 2011 im \u2192 <a title=\"2011 AusstellungimBosco Gauting\" href=\"http:\/\/walter-erpf.de\/?page_id=168\">Bosco<\/a> in Gauting hatte diesen thematischen Schwerpunkt.<\/strong><\/p>\n<p>&nbsp;<\/p>\n<p>Die Ausstellung <strong>&#8222;Notentitelbl\u00e4tter vom Jugendstil bis in die 2oer Jahre\u201d<\/strong>\u00a0in der \u2192 \u00a0<strong><a title=\"2007 Ausstellung in derVilla Esche Chemnitz\" href=\"http:\/\/walter-erpf.de\/?page_id=361\">Villa Esche<\/a><\/strong>\u00a0 in Chemnitz 2007 hatte vor allem den grafischen Aspekt als Thema. Es w\u00e4re aber z.B. auch die Konzentration auf nur einige Titelblattgestalter (Paul Telemann, Otto Dely, Willy Herzig etc.) m\u00f6glich.<\/p>\n<p>&nbsp;<\/p>\n<p>Der Umfang der Ausstellung kann ganz nach Belieben bzw. r\u00e4umlichen M\u00f6glichkeiten konzipiert werden.<\/p>\n<p>Etwa 100 Bildtr\u00e4ger mit Passepartouts stehen derzeit aus eigenem Fundus zur Verf\u00fcgung, ebenso vier Tischvitrinen (\u2192\u00a0<strong><a title=\"2011 AusstellungimBosco Gauting\" href=\"http:\/\/walter-erpf.de\/?page_id=168\">Ausstellung Bosco<\/a><\/strong>).<\/p>\n<p>Begleitend zur Ausstellung bieten sich \u2192\u00a0<strong><a title=\"Die Vortr\u00e4ge\" href=\"http:\/\/walter-erpf.de\/?page_id=534\">Vortr\u00e4ge<\/a><\/strong> sowie <strong>Konzerte<\/strong> mit dem \u2192 \u00a0<a title=\"La Rose Rouge\" href=\"http:\/la-rose-rouge.de\/\"><strong>Ballhausorchester La Rose Rouge<\/strong><\/a> bzw. dem \u2192 \u00a0<a title=\"Tanztee-Syndikat\" href=\"http:\/\/www.tanztee-syndikat.de\/\"><strong>Kleinen Tanztee-Syndikat<\/strong><\/a> an.<\/p>\n<p>&nbsp;<\/p>\n<p>&nbsp;<\/p>\n","protected":false},"excerpt":{"rendered":"<p>&nbsp; Das Ausstellungskonzept sch\u00f6pft aus einem Fundus von \u00fcber 2500 grafisch gestalteter \u2192Notenausgaben, von denen gut 400 Exemplare &#8222;ausstellenswert&#8220; sind &#8211; sei es von der bildnerischen Qualit\u00e4t, vom informellen Hintergrund oder etwa vom &#8222;Immer-noch&#8220;-Bekanntheitsgrad. Dazu kommen ungez\u00e4hlte weitere Dokumente zur Unterhaltungskultur der 20er\/30er Jahren sowie zahlreiche Objekte wie Grammophone, Schellackplatten, Kleider, Modeaccesoires u.v.a.m. Der thematische [&hellip;]<\/p>\n","protected":false},"author":2,"featured_media":0,"parent":0,"menu_order":0,"comment_status":"open","ping_status":"open","template":"page-full-width.php","meta":[],"_links":{"self":[{"href":"http:\/\/walter-erpf.de\/index.php?rest_route=\/wp\/v2\/pages\/532"}],"collection":[{"href":"http:\/\/walter-erpf.de\/index.php?rest_route=\/wp\/v2\/pages"}],"about":[{"href":"http:\/\/walter-erpf.de\/index.php?rest_route=\/wp\/v2\/types\/page"}],"author":[{"embeddable":true,"href":"http:\/\/walter-erpf.de\/index.php?rest_route=\/wp\/v2\/users\/2"}],"replies":[{"embeddable":true,"href":"http:\/\/walter-erpf.de\/index.php?rest_route=%2Fwp%2Fv2%2Fcomments&post=532"}],"version-history":[{"count":20,"href":"http:\/\/walter-erpf.de\/index.php?rest_route=\/wp\/v2\/pages\/532\/revisions"}],"predecessor-version":[{"id":1094,"href":"http:\/\/walter-erpf.de\/index.php?rest_route=\/wp\/v2\/pages\/532\/revisions\/1094"}],"wp:attachment":[{"href":"http:\/\/walter-erpf.de\/index.php?rest_route=%2Fwp%2Fv2%2Fmedia&parent=532"}],"curies":[{"name":"wp","href":"https:\/\/api.w.org\/{rel}","templated":true}]}}