{"id":243,"date":"2014-02-26T14:18:29","date_gmt":"2014-02-26T12:18:29","guid":{"rendered":"http:\/\/www.jftweb.de\/?page_id=243"},"modified":"2015-01-01T19:25:15","modified_gmt":"2015-01-01T17:25:15","slug":"vortraege-1","status":"publish","type":"page","link":"http:\/\/walter-erpf.de\/?page_id=243","title":{"rendered":"Sag\u00b4beim Abschied leise &#8222;Servus&#8220;"},"content":{"rendered":"<p><strong>Ein Vortrag mit Tondokumenten, den es\u00a0<\/strong><strong>in zwei Versionen gibt: <\/strong><\/p>\n<ul>\n<li><strong>einmal mit Musikbeispielen <strong>ausschliesslich\u00a0<\/strong>von Schellackplatten und Grammophon,<\/strong><\/li>\n<li><strong>oder aber zusammen mit der S\u00e4ngerin Tanja-Maria Froidl und mir am Klavier.<\/strong><\/li>\n<\/ul>\n<p>&nbsp;<\/p>\n<p class=\"p1\"><span class=\"s1\">Thema des Vortrags ist das Schicksal von Komponisten, Textern und Interpreten der so genannten \u201eleichten Muse\u201d, die in den 20er\/30er Jahren bekannte Publikumslieblinge waren und teilweise auch heute noch sind.<\/span><\/p>\n<p class=\"p1\"><span class=\"s1\">Wegen ihrer Zugeh\u00f6rigkeit zum Judentum wurde ihnen seitens der Nazi-Diktatur zun\u00e4chst Auftrittsverbot erteilt, wenig sp\u00e4ter begann die systematische Verfolgung. Einige konnten dieser durch Flucht ins Ausland entgehen, viele wurden interniert oder kamen im KZ oder auf der Flucht ums Leben.<\/span><\/p>\n<p class=\"p1\"><span class=\"s1\">Mit \u00fcber viele Jahre hinweg recherchierten Biographien, historischen Tondokumenten auf Schellackplatten, authentischen Bilddokumenten und einer F\u00fclle von originalem Notenmaterial m\u00f6chte der Vortrag an einige dieser K\u00fcnstler erinnern, deren Melodien, Texte und Stimmen ja oftmals noch immer gegenw\u00e4rtig sind.<\/span><\/p>\n<p class=\"p1\"><span class=\"s1\">Die Lebensgeschichten dahinter blieben jedoch zumeist im Dunklen.<\/span><\/p>\n<p>&nbsp;<\/p>\n<p><i>Und das schrieb die Presse<\/i><\/p>\n<p><i><\/i><i>Oktober 2012 (Auszug):\u00a0<\/i><\/p>\n<p><b>Eine gro\u00dfe B\u00fchne f\u00fcr vergessene K\u00fcnstler<\/b><\/p>\n<p>\u201eSag\u2019 beim Abschied leise Servus\u201c<\/p>\n<p>Mit aufw\u00e4ndig recherchierten Biographien und mit Schellackplatten, mit authentischen Bilddokumenten und einer F\u00fclle von originalem Notenmaterial gestalteten sie einen beeindruckenden musikalischen Vortrag, der vergessene K\u00fcnstler (&#8230;) ins Rampenlicht r\u00fcckte. (&#8230;) Komponisten, Texter und Interpreten, die zur damaligen Zeit Auftrittsverbot hatten, lie\u00dfen Froidl und Erpf witzig und spritzig zu Wort kommen. (&#8230;) Wie interessant allerdings auch die Lebensgeschichten und die Schicksale sind, die sich hinter diesen Evergreens verbergen, das beeindruckte die vielen Zuh\u00f6rer im Sainerhaus gewaltig. (&#8230;)<\/p>\n<p>Ein bemerkenswerter Abend, den das Publikum mit viel Applaus belohnte.<\/p>\n<p><i>S\u00fcddeutsche Zeitung, Maria Martin<\/i><\/p>\n<p>&nbsp;<\/p>\n<p>&nbsp;<\/p>\n<p>Nach(t)kritik von Sabine Zaplin, 21.04.2013 (<i>Auszug)<\/i><\/p>\n<p><b>Irgendwo auf der Welt &#8230;<\/b><\/p>\n<p>(&#8230;)\u201eSag beim Abschied leise Servus\u201c, ist der Titel eines ganz besonderen Abends mit Musik, Erinnerungen, Geschichten und immer wieder Musik, den Pianist und Musikhistoriker Walter Erpf gemeinsam mit der S\u00e4ngerin Tanja Maria Froidl jenen K\u00fcnstlern gewidmet hat, denen es zumeist nicht mehr verg\u00f6nnt war, zum Abschied \u00fcberhaupt etwas zu sagen.<\/p>\n<p>Der Fl\u00fcgel, daneben ein Tisch mit Grammophon, ein Stuhl mit lose dar\u00fcberh\u00e4ngender roter Federboa, ein roter Mantel \u00fcber einem anderen Stuhl, und das alles getaucht in das tiefrote Licht der bar rosso: als w\u00e4re sie wieder aufgetaucht, die Welt der Brettl und Kellerb\u00fchnen, der \u201eSimpl\u201c, das \u201eSchall und Rauch\u201c. \u201eSag beim Abschied\u2026\u201c lief zur Begr\u00fc\u00dfung vom Grammophon, und dann wurden sie lebendig, die Vergessenen, die einst Bejubelten.<\/p>\n<p>(&#8230;)<\/p>\n<p>Mit gro\u00dfer Sensibilit\u00e4t und gleichzeitig viel Gef\u00fchl f\u00fcr das oft Schl\u00fcpfrige, immer Am\u00fcsante pr\u00e4sentierten Tanja Maria Froidl und Walter Erpf die Lieder der Ermordeten und Vertriebenen, lie\u00dfen immer wieder Baratmosph\u00e4re entstehen und stellten dann die traurigen Schicksale den Liedern gegen\u00fcber, die doch nichts weiter als unterhalten wollten und die dies noch immer tun. Daf\u00fcr, dass sie die vergessenen Namen und Geschichten hinter den Liedern wieder ins rechte Licht r\u00fccken, geb\u00fchrt Erpf und Froidl ein Orden \u2013 oder wenigstens das Goldene Krokodil am Band.<\/p>\n","protected":false},"excerpt":{"rendered":"<p>Ein Vortrag mit Tondokumenten, den es\u00a0in zwei Versionen gibt: einmal mit Musikbeispielen ausschliesslich\u00a0von Schellackplatten und Grammophon, oder aber zusammen mit der S\u00e4ngerin Tanja-Maria Froidl und mir am Klavier. &nbsp; Thema des Vortrags ist das Schicksal von Komponisten, Textern und Interpreten der so genannten \u201eleichten Muse\u201d, die in den 20er\/30er Jahren bekannte Publikumslieblinge waren und teilweise [&hellip;]<\/p>\n","protected":false},"author":2,"featured_media":0,"parent":0,"menu_order":0,"comment_status":"open","ping_status":"open","template":"","meta":[],"_links":{"self":[{"href":"http:\/\/walter-erpf.de\/index.php?rest_route=\/wp\/v2\/pages\/243"}],"collection":[{"href":"http:\/\/walter-erpf.de\/index.php?rest_route=\/wp\/v2\/pages"}],"about":[{"href":"http:\/\/walter-erpf.de\/index.php?rest_route=\/wp\/v2\/types\/page"}],"author":[{"embeddable":true,"href":"http:\/\/walter-erpf.de\/index.php?rest_route=\/wp\/v2\/users\/2"}],"replies":[{"embeddable":true,"href":"http:\/\/walter-erpf.de\/index.php?rest_route=%2Fwp%2Fv2%2Fcomments&post=243"}],"version-history":[{"count":11,"href":"http:\/\/walter-erpf.de\/index.php?rest_route=\/wp\/v2\/pages\/243\/revisions"}],"predecessor-version":[{"id":1083,"href":"http:\/\/walter-erpf.de\/index.php?rest_route=\/wp\/v2\/pages\/243\/revisions\/1083"}],"wp:attachment":[{"href":"http:\/\/walter-erpf.de\/index.php?rest_route=%2Fwp%2Fv2%2Fmedia&parent=243"}],"curies":[{"name":"wp","href":"https:\/\/api.w.org\/{rel}","templated":true}]}}

<p><strong>Ein Vortrag mit Tondokumenten, den es </strong><strong>in zwei Versionen gibt: </strong></p>
<ul>
<li><strong>einmal mit Musikbeispielen <strong>ausschliesslich </strong>von Schellackplatten und Grammophon,</strong></li>
<li><strong>oder aber zusammen mit der Sängerin Tanja-Maria Froidl und mir am Klavier.</strong></li>
</ul>
<p>&nbsp;</p>
<p class="p1"><span class="s1">Thema des Vortrags ist das Schicksal von Komponisten, Textern und Interpreten der so genannten „leichten Muse”, die in den 20er/30er Jahren bekannte Publikumslieblinge waren und teilweise auch heute noch sind.</span></p>
<p class="p1"><span class="s1">Wegen ihrer Zugehörigkeit zum Judentum wurde ihnen seitens der Nazi-Diktatur zunächst Auftrittsverbot erteilt, wenig später begann die systematische Verfolgung. Einige konnten dieser durch Flucht ins Ausland entgehen, viele wurden interniert oder kamen im KZ oder auf der Flucht ums Leben.</span></p>
<p class="p1"><span class="s1">Mit über viele Jahre hinweg recherchierten Biographien, historischen Tondokumenten auf Schellackplatten, authentischen Bilddokumenten und einer Fülle von originalem Notenmaterial möchte der Vortrag an einige dieser Künstler erinnern, deren Melodien, Texte und Stimmen ja oftmals noch immer gegenwärtig sind.</span></p>
<p class="p1"><span class="s1">Die Lebensgeschichten dahinter blieben jedoch zumeist im Dunklen.</span></p>
<p>&nbsp;</p>
<p><i>Und das schrieb die Presse</i></p>
<p><i></i><i>Oktober 2012 (Auszug): </i></p>
<p><b>Eine große Bühne für vergessene Künstler</b></p>
<p>„Sag’ beim Abschied leise Servus“</p>
<p>Mit aufwändig recherchierten Biographien und mit Schellackplatten, mit authentischen Bilddokumenten und einer Fülle von originalem Notenmaterial gestalteten sie einen beeindruckenden musikalischen Vortrag, der vergessene Künstler (&#8230;) ins Rampenlicht rückte. (&#8230;) Komponisten, Texter und Interpreten, die zur damaligen Zeit Auftrittsverbot hatten, ließen Froidl und Erpf witzig und spritzig zu Wort kommen. (&#8230;) Wie interessant allerdings auch die Lebensgeschichten und die Schicksale sind, die sich hinter diesen Evergreens verbergen, das beeindruckte die vielen Zuhörer im Sainerhaus gewaltig. (&#8230;)</p>
<p>Ein bemerkenswerter Abend, den das Publikum mit viel Applaus belohnte.</p>
<p><i>Süddeutsche Zeitung, Maria Martin</i></p>
<p>&nbsp;</p>
<p>&nbsp;</p>
<p>Nach(t)kritik von Sabine Zaplin, 21.04.2013 (<i>Auszug)</i></p>
<p><b>Irgendwo auf der Welt &#8230;</b></p>
<p>(&#8230;)„Sag beim Abschied leise Servus“, ist der Titel eines ganz besonderen Abends mit Musik, Erinnerungen, Geschichten und immer wieder Musik, den Pianist und Musikhistoriker Walter Erpf gemeinsam mit der Sängerin Tanja Maria Froidl jenen Künstlern gewidmet hat, denen es zumeist nicht mehr vergönnt war, zum Abschied überhaupt etwas zu sagen.</p>
<p>Der Flügel, daneben ein Tisch mit Grammophon, ein Stuhl mit lose darüberhängender roter Federboa, ein roter Mantel über einem anderen Stuhl, und das alles getaucht in das tiefrote Licht der bar rosso: als wäre sie wieder aufgetaucht, die Welt der Brettl und Kellerbühnen, der „Simpl“, das „Schall und Rauch“. „Sag beim Abschied…“ lief zur Begrüßung vom Grammophon, und dann wurden sie lebendig, die Vergessenen, die einst Bejubelten.</p>
<p>(&#8230;)</p>
<p>Mit großer Sensibilität und gleichzeitig viel Gefühl für das oft Schlüpfrige, immer Amüsante präsentierten Tanja Maria Froidl und Walter Erpf die Lieder der Ermordeten und Vertriebenen, ließen immer wieder Baratmosphäre entstehen und stellten dann die traurigen Schicksale den Liedern gegenüber, die doch nichts weiter als unterhalten wollten und die dies noch immer tun. Dafür, dass sie die vergessenen Namen und Geschichten hinter den Liedern wieder ins rechte Licht rücken, gebührt Erpf und Froidl ein Orden – oder wenigstens das Goldene Krokodil am Band.</p>

<p>Ein Vortrag mit Tondokumenten, den es in zwei Versionen gibt: einmal mit Musikbeispielen ausschliesslich von Schellackplatten und Grammophon, oder aber zusammen mit der Sängerin Tanja-Maria Froidl und mir am Klavier. &nbsp; Thema des Vortrags ist das Schicksal von Komponisten, Textern und Interpreten der so genannten „leichten Muse”, die in den 20er/30er Jahren bekannte Publikumslieblinge waren und teilweise [&hellip;]</p>
